 - 3 + 0. What are the prime factors of x(u)?
11
Let r = 25 - 15. Let h = -5 + r. Suppose 11 = 4*z - h. List the prime factors of z.
2
Let m(c) = -c**3 - c**2. Let v be m(2). Let r = 18 + v. List the prime factors of r.
2, 3
Let v = 276 - 145. List the prime factors of v.
131
Let m(q) = -2*q + 18. List the prime factors of m(-22).
2, 31
Let t(z) = z**3 - 4*z**2 + 3*z - 6. Let o be t(4). Let h be o/3 - (1 - 2). Let c = 10 - h. What are the prime factors of c?
7
Let n = -48 - -72. Let x be -1 + 5 + (-5 - -4). Suppose 0 = x*f - n. What are the prime factors of f?
2
Suppose -166 = -5*w - 4*t, -3*t = -4*w + t + 140. What are the prime factors of w?
2, 17
Let c(s) = s**2 - s - 3. Let d be c(3). Let q be (6/d - -9) + -1. Suppose q - 30 = -4*a. What are the prime factors of a?
5
Suppose 0 + 16 = 4*q. Let u = q + 0. Suppose 0 = -4*k - 4*w + 44, 51 = 5*k + u*w - w. List the prime factors of k.
3
Let a(q) = -24*q + 26. List the prime factors of a(-4).
2, 61
Suppose q - 2*q = -4. Suppose -3*g + 4*i - 10 + 42 = 0, 4*g = q*i + 40. What are the prime factors of g?
2
Let k(m) = m**2 - 5*m. Let q be k(5). Suppose q = f + 2*f - 21. List the prime factors of f.
7
Let d(k) = k**3 + k + 1. Let j be d(-3). Let h = j + 40. List the prime factors of h.
11
Let z = 21 - 19. Suppose -48 - 8 = -z*p. What are the prime factors of p?
2, 7
Let y(n) = -3 - n**2 + 14 - 2*n - 9*n - 1. What are the prime factors of y(-10)?
2, 5
Suppose -3*v - 4*u + 30 = -u, 4*u + 86 = 5*v. List the prime factors of v.
2, 7
Let r(z) = z + 19. What are the prime factors of r(10)?
29
Suppose 5*r - 2*p = 424 + 323, -5*r = p - 744. List the prime factors of r.
149
Let h(o) = -o**3 + 6*o**2 - 7*o + 4. Let k = -1 + 5. List the prime factors of h(k).
2
Let n(q) = -1. Let p(b) = -b - 2. Let c(g) = -n(g) - p(g). Let z be c(-5). Let m = z + 16. List the prime factors of m.
2, 7
Let f = 11 - 14. Let r be ((-2)/5)/((-3)/(-30)). List the prime factors of r/f*(-18)/(-4).
2, 3
Suppose 3*f - 2*y - 19 = 0, 2*y + 37 = 4*f - 3*y. Suppose -f*o + 124 + 13 = -h, -215 = -5*o - h. What are the prime factors of o?
2, 11
Let u(n) = -2*n - 2. Let l be u(-3). Suppose -15 = 5*x - x + j, l*x - 2*j + 18 = 0. List the prime factors of x*((-3)/(-2) - 2).
2
What are the prime factors of 3*(-2 - -1) - -73?
2, 5, 7
Suppose -6*w - 120 = -3*w. List the prime factors of (-192)/w + (-2)/(-10).
5
Let m(a) = 6*a + 5. Let c be m(5). Suppose c - 13 = 2*s. What are the prime factors of s?
11
Let x(q) = q**3 + 16*q**2 - 28*q - 48. What are the prime factors of x(-17)?
139
Let a = 139 + -117. List the prime factors of a.
2, 11
Let p be 26/5 - 1/5. Let o = p + 7. List the prime factors of o.
2, 3
Let c(d) = 9*d + 11*d**2 + d**2 + d**3 - 2*d + 6. What are the prime factors of c(-11)?
2, 5
Let w(y) = y - 3. Let v be w(6). Suppose 4*a - 7 = v*a. What are the prime factors of a?
7
Let n = -165 - -282. List the prime factors of n.
3, 13
Suppose -912 = -10*r + 4*r. List the prime factors of r.
2, 19
Let w = 0 - -9. List the prime factors of w.
3
Let y = 171 - 114. List the prime factors of y.
3, 19
Let w = 151 + -101. Let u = w - 36. What are the prime factors of u?
2, 7
Let x(c) = 14*c - 4 + 4 - 6*c. List the prime factors of x(2).
2
Suppose -8 = -3*j + 7. Suppose -2*a - 99 = -j*a. Suppose 49 = 2*u + 4*i + 17, 3*u + 3*i - a = 0. List the prime factors of u.
2, 3
Let m(h) = 7*h + 0 + 1 + 2 + 2*h**2. Let q be m(-5). Let z = q + -6. List the prime factors of z.
2, 3
Let b(n) = n**2 - 8*n - 6. Let y be b(9). Suppose 18 = 3*a - 0*f + 3*f, a + y*f = 2. Let k = 13 - a. List the prime factors of k.
5
Suppose 6*g - 3*g + 3 = 0. What are the prime factors of (1/(-2))/(g/14)?
7
Suppose -4*m - v = 3*v + 4, 3*v - 3 = -5*m. Suppose 23 = m*r - 13. What are the prime factors of r?
2, 3
Suppose 0 = g - 3*k - 16, 3*g - g + 5*k + 12 = 0. Suppose 0 = 4*s + 4*n - 36, n - g*n - 15 = -3*s. List the prime factors of s.
7
Let r be 0 - (3 + -5)/2. Suppose z = r, -3*l - z + 14 = -2*l. What are the prime factors of l?
13
Let c(n) = 5*n - 9. Let i(a) = 14*a - 26. Let g(y) = -7*c(y) + 2*i(y). Let h(v) = 6*v - 10. Let k(f) = -5*g(f) - 6*h(f). List the prime factors of k(3).
2
Let b(z) = z**2 - 2*z - 1. Let m be b(-1). Let g be m/(-1)*1/(-2). What are the prime factors of (8/(-20))/(g/(-20))?
2
Let p = -25 - -68. What are the prime factors of p?
43
Let i(z) = z**3 - 4*z + 1. Let q be i(-3). Let p = 20 + -6. List the prime factors of (-228)/q + (-4)/p.
2
Let r be 1 + 0 - (1 + 6). What are the prime factors of 38/r*6/(-2)?
19
Let y(i) = 2*i**3 + 15*i**2 - 10*i + 11. List the prime factors of y(-8).
3
Let z be 6/8*(6 - -2). Suppose -4*d = -z*d + 44. What are the prime factors of d?
2, 11
Let u = 36 - -43. What are the prime factors of u?
79
Suppose 5*a = -0*a + 520. Let v = a - 61. List the prime factors of v.
43
Let z = -6 - -8. Suppose -3*a + z = -4*h, -2*h = -h + a - 3. What are the prime factors of 10/3 - h/3?
3
Suppose -54 = 3*w - 6*w. Suppose 3*d = d + w. What are the prime factors of d?
3
Let h be 25/4 + 1/(-4). Suppose 3*c + 0*c = -h. List the prime factors of 1/(c*(-3)/18).
3
Let z(w) = w**3 + 8*w**2 + 3*w. What are the prime factors of z(-7)?
2, 7
Let p(s) = 3*s + 6 - 1 - 2*s. What are the prime factors of p(-3)?
2
Let a = -94 - -144. List the prime factors of a.
2, 5
Suppose -70 = -5*n + 45. What are the prime factors of n?
23
Let s = 5 - 20. Let f = s + 21. What are the prime factors of f?
2, 3
Suppose 567 = 5*o - 3*h, 0 = 2*o - 5*h - 57 - 185. What are the prime factors of o?
3, 37
Let v(g) = 29*g**2 + 3*g - 4. List the prime factors of v(2).
2, 59
Suppose -4*b - 1 = 2*s + 3, 2*b = 3*s + 6. Let c(x) = x**3 + x + 8. What are the prime factors of c(b)?
2
Let d(k) = -2*k**3 + 3*k - 2. Let y(b) = -9*b**3 - b**2 + 16*b - 11. Let f(s) = 11*d(s) - 2*y(s). What are the prime factors of f(-1)?
5
Let u(i) = 19*i**3 + i**2 + i - 1. Suppose -2*l - 3*q - 29 = -0*l, 5 = -2*l + 5*q. Let m = -9 - l. List the prime factors of u(m).
2, 5
Let x be 77/5 - (-8)/(-20). Suppose -3*u + 3*o = 4*o - x, -5*u = 3*o - 29. Suppose u*n - 3*g - 39 + 14 = 0, -2*g + 2 = 2*n. List the prime factors of n.
2
Let d(y) = -y**2 + 18*y + 3. Let q be d(15). What are the prime factors of (q/(-14))/(8/(-56))?
2, 3
Suppose 0 = 3*c - 6*c. Suppose c*b = -b + 1. List the prime factors of b - 1*(-1 + -4).
2, 3
Let d(j) = j**2 + 2*j + 4. List the prime factors of d(-3).
7
Let n = 35 - 31. List the prime factors of n.
2
Let v = -25 + 51. List the prime factors of v.
2, 13
Suppose -5*t - 5*k = -395, t + 5*k - 84 = 3*k. What are the prime factors of t?
2, 37
List the prime factors of 11*-1*(-1 - 0).
11
Suppose h = u + 119, -2*u + 107 + 24 = h. What are the prime factors of h?
3, 41
Suppose -4*t + 0*t + 847 = b, -4*b - 446 = -2*t. What are the prime factors of t?
3, 71
Let v = -17 - -20. Suppose -i - 6 = 2*z - 41, 4*z - v*i = 75. List the prime factors of z.
2, 3
Let t(r) = -2*r**2 + 18*r + 5. Let v be t(9). What are the prime factors of 36*v*4/30?
2, 3
Suppose -2*q - 2*q = -72. Suppose 2*c = -5*k + 36, -c + q = -7*k + 2*k. List the prime factors of c.
2, 3
Let t(v) be the third derivative of -v**5/60 + 11*v**4/24 - 4*v**3/3 - v**2. Let x be t(9). Let z = x - 3. List the prime factors of z.
7
Let b be (9/(-15))/((-2)/(-10)). Let c be 19 - ((-1 - b) + -4). Let l = c - 3. What are the prime factors of l?
2, 3
Suppose -3*k - 6 = -5*k. Let u(v) = -2*v - 5. Let h be u(-4). Suppose 4*o = 3*s - 20, -k*s = -0*s - h*o - 21. What are the prime factors of s?
2
Suppose 2*b = -3*u + b + 13, -u - 9 = -3*b. What are the prime factors of u?
3
Suppose 0 = 4*t - 23 - 5. What are the prime factors of t/(-7)*(-35 - 1)?
2, 3
Suppose -4*b = -20, 2*y - 54 = -0*y - 4*b. Suppose 5*v + 3*l + y = 0, 4*l = 5*v + 5 - 16. Let c = 11 + v. List the prime factors of c.
2, 5
Let p(j) = 2*j + 5 - 5. Let q be p(3). Suppose q = -2*b + 3*b. What are the prime factors of b?
2, 3
Let n(j) = -j**2 + 7*j - 1. Suppose 3*w = y + 6, 2*y - y - 22 = -4*w. What are the prime factors of n(y)?
5
Suppose 3*y = -0*a - 5*a + 52, 5*y - 116 = -a. List the prime factors of y.
2, 3
Suppose 5*o - 249 = 391. List the prime factors of o.
2
Suppose -5*f + 101 = -74. List the prime factors of f.
5, 7
Let f = 249 - 25. List the prime factors of f.
2, 7
Let f(o) = o**2 - 5*o - 8.